ivisor of 904 and 16?
8
Calculate the highest common divisor of 15062 and 85.
17
Calculate the highest common divisor of 412 and 1339.
103
What is the highest common divisor of 28 and 16?
4
Calculate the greatest common divisor of 1725 and 23.
23
Calculate the highest common divisor of 963 and 27.
9
Calculate the greatest common factor of 34 and 2567.
17
Calculate the greatest common divisor of 105 and 60.
15
What is the greatest common divisor of 4131 and 221?
17
What is the greatest common divisor of 72 and 189?
9
What is the highest common divisor of 18 and 2304?
18
What is the highest common divisor of 339 and 791?
113
Calculate the greatest common divisor of 195 and 715.
65
Calculate the highest common divisor of 122 and 549.
61
What is the greatest common divisor of 225 and 315?
45
Calculate the highest common factor of 1548 and 63.
9
What is the highest common divisor of 57 and 39?
3
What is the greatest common factor of 32 and 544?
32
Calculate the greatest common divisor of 1083 and 399.
57
Calculate the greatest common factor of 31 and 5611.
31
Calculate the greatest common factor of 215 and 35.
5
Calculate the highest common factor of 1634 and 129.
43
What is the greatest common divisor of 1349 and 342?
19
Calculate the highest common divisor of 463 and 1.
1
Calculate the highest common factor of 6644 and 187.
11
Calculate the highest common factor of 14 and 140.
14
What is the highest common factor of 645 and 15?
15
What is the greatest common factor of 3 and 381?
3
What is the highest common divisor of 948 and 5056?
316
What is the highest common divisor of 240 and 336?
48
Calculate the highest common factor of 96 and 39.
3
What is the highest common factor of 248 and 217?
31
Calculate the highest common divisor of 221 and 1573.
13
What is the greatest common factor of 95 and 133?
19
Calculate the highest common divisor of 11 and 11143.
11
What is the highest common divisor of 11 and 649?
11
Calculate the highest common divisor of 8299 and 172.
43
Calculate the greatest common divisor of 25 and 40.
5
What is the greatest common factor of 148 and 29230?
74
What is the highest common divisor of 15 and 405?
15
Calculate the highest common factor of 1184 and 444.
148
Calculate the highest common factor of 52 and 65.
13
What is the greatest common divisor of 112 and 2744?
56
Calculate the greatest common factor of 8 and 162.
2
Calculate the greatest common factor of 1434 and 54.
6
Calculate the greatest common factor of 42 and 112.
14
What is the highest common factor of 108 and 702?
54
Calculate the greatest common divisor of 117 and 585.
117
What is the highest common factor of 6 and 1878?
6
What is the highest common factor of 496 and 3038?
62
Calculate the greatest common factor of 366 and 540.
6
Calculate the greatest common divisor of 15 and 4410.
15
What is the greatest common divisor of 58 and 4?
2
Calculate the greatest common factor of 256 and 2824.
8
Calculate the highest common factor of 160 and 92.
4
Calculate the greatest common divisor of 5250 and 7.
7
What is the greatest common divisor of 40 and 35?
5
Calculate the highest common factor of 196 and 28.
28
What is the highest common divisor of 3 and 33?
3
Calculate the highest common factor of 1161 and 43.
43
Calculate the highest common factor of 6088 and 40.
8
Calculate the highest common factor of 53 and 2173.
53
What is the highest common divisor of 50 and 75?
25
What is the greatest common divisor of 105 and 609?
21
Calculate the greatest common factor of 1971 and 2409.
219
What is the highest common divisor of 102 and 969?
51
What is the highest common factor of 12 and 3?
3
Calculate the highest common factor of 9 and 855.
9
Calculate the highest common divisor of 28 and 518.
14
Calculate the greatest common factor of 120 and 675.
15
What is the greatest common factor of 2117 and 29?
29
What is the highest common factor of 3025 and 11825?
275
Calculate the greatest common factor of 1653 and 57.
57
What is the highest common factor of 459 and 102?
51
Calculate the greatest common factor of 10 and 2215.
5
What is the greatest common divisor of 3 and 5961?
3
Calculate the greatest common divisor of 15 and 183.
3
Calculate the greatest common factor of 700 and 28.
28
What is the greatest common divisor of 18 and 708?
6
What is the highest common factor of 493 and 799?
17
Calculate the greatest common divisor of 275 and 50.
25
What is the greatest common factor of 3322 and 604?
302
Calculate the greatest common divisor of 1221 and 33.
33
Calculate the highest common factor of 322 and 4025.
161
What is the highest common divisor of 90 and 4878?
18
Calculate the highest common divisor of 506 and 77.
11
What is the highest common divisor of 37844 and 4?
4
What is the greatest common factor of 56 and 7434?
14
Calculate the greatest common divisor of 62 and 713.
31
What is the greatest common divisor of 496 and 32?
16
What is the highest common factor of 28 and 4228?
28
Calculate the highest common factor of 209 and 304.
19
Calculate the greatest common factor of 5 and 515.
5
Calculate the highest common factor of 6138 and 198.
198
What is the highest common divisor of 2096 and 16?
16
What is the greatest common factor of 1410 and 517?
47
Calculate the highest common factor of 3 and 401.
1
What is the greatest common factor of 57 and 6?
3
What is the highest common factor of 4183 and 141?
47
Calculate the highest common factor of 1715 and 315.
35
Calculate the highest common factor of 1141 and 154.
7
What is the highest common divisor of 119 and 1156?
17
What is the greatest common factor of 42 and 49?
7
Calculate the highest common divisor of 9764 and 4.
4
What is the greatest common factor of 12 and 474?
6
What is the greatest common factor of 45 and 30?
15
Calculate the highest common factor of 5348 and 140.
28
What is the highest common divisor of 8 and 3688?
8
Calculate the highest common divisor of 14 and 11851.
7
What is the greatest common divisor of 15 and 2930?
5
What is the highest common factor of 1116 and 81?
9
What is the greatest common factor of 225 and 200?
25
Calculate the greatest common factor of 32 and 16.
16
Calculate the highest common divisor of 64 and 1184.
32
Calculate the greatest common factor of 11 and 209.
11
Calculate the greatest common divisor of 1335 and 9612.
267
Calculate the highest common factor of 10 and 45.
5
What is the greatest common divisor of 400 and 150?
50
What is the greatest common divisor of 115 and 5635?
115
Calculate the greatest common divisor of 189 and 252.
63
Calculate the highest common divisor of 3984 and 16.
16
What is the highest common divisor of 10 and 2810?
10
Calculate the greatest common divisor of 123 and 328.
41
What is the highest common divisor of 11956 and 98?
98
What is the greatest common divisor of 220 and 165?
55
Calculate the highest common divisor of 103 and 412.
103
Calculate the greatest common factor of 12 and 120.
12
Calculate the highest common divisor of 161 and 287.
7
What is the greatest common divisor of 142 and 6532?
142
What is the greatest common factor of 4351 and 19?
19
What is the greatest common factor of 18256 and 14?
14
Calculate the highest common divisor of 69 and 230.
23
What is the highest common divisor of 57 and 266?
19
Calculate the greatest common factor of 1935 and 405.
45
What is the greatest common divisor of 16 and 304?
16
What is the greatest common divisor of 290 and 10?
10
Calculate the greatest common factor of 6876 and 36.
36
What is the highest common divisor of 3425 and 50?
25
What is the greatest common factor of 7 and 567?
7
What is the highest common factor of 975 and 481?
13
Calculate the greatest common factor of 754 and 87.
29
Calculate the highest common factor of 30 and 6465.
15
What is the greatest common divisor of 39 and 2613?
39
What is the highest common factor of 42 and 102?
6
What is the greatest common divisor of 1856 and 640?
64
Calculate the greatest common divisor of 52 and 793.
13
What is the highest common divisor of 2270 and 10?
10
What is the greatest common factor of 5 and 130?
5
What is the highest common divisor of 50 and 320?
10
What is the highest common factor of 16102 and 194?
194
What is the highest common divisor of 81 and 324?